{"id":1954,"date":"2023-04-18T23:17:48","date_gmt":"2023-04-18T23:17:48","guid":{"rendered":"https:\/\/www.eduazadory.com\/cms\/?page_id=1954"},"modified":"2023-11-12T15:43:17","modified_gmt":"2023-11-12T15:43:17","slug":"of-the-hungarian-jewish-soul","status":"publish","type":"page","link":"https:\/\/www.eduazadory.com\/cms\/of-the-hungarian-jewish-soul\/","title":{"rendered":"Of the Hungarian &amp; Jewish Soul"},"content":{"rendered":"<p>&nbsp;<\/p>\n<p><small><a href=\"http:\/\/www.eduazadory.com\/cms\/discography\/\">&lt;&lt; Back to Discography<\/a><\/small><\/p>\n<table class=\" alignleft\" style=\"width: 100%; border-style: solid; border-color: #ffffff;\">\n<tbody>\n<tr valign=\"top\">\n<td style=\"width: 50%;\"><a href=\"http:\/\/www.eduazadory.com\/cms\/wp-content\/uploads\/2012_of_the_hungarian__jewish_soul.jpg\" rel=\"shadowbox[sbpost-1954];player=img;\"><img decoding=\"async\" loading=\"lazy\" class=\"alignleft wp-image-1882\" src=\"http:\/\/www.eduazadory.com\/cms\/wp-content\/uploads\/2012_of_the_hungarian__jewish_soul.jpg\" alt=\"\" width=\"500\" height=\"498\" srcset=\"https:\/\/www.eduazadory.com\/cms\/wp-content\/uploads\/2012_of_the_hungarian__jewish_soul.jpg 900w, https:\/\/www.eduazadory.com\/cms\/wp-content\/uploads\/2012_of_the_hungarian__jewish_soul-300x300.jpg 300w, https:\/\/www.eduazadory.com\/cms\/wp-content\/uploads\/2012_of_the_hungarian__jewish_soul-150x150.jpg 150w, https:\/\/www.eduazadory.com\/cms\/wp-content\/uploads\/2012_of_the_hungarian__jewish_soul-768x765.jpg 768w, https:\/\/www.eduazadory.com\/cms\/wp-content\/uploads\/2012_of_the_hungarian__jewish_soul-75x75.jpg 75w\" sizes=\"(max-width: 500px) 100vw, 500px\" \/><\/a><\/td>\n<td style=\"width: 50%;\"><strong>Of the Hungarian &amp; Jewish Soul<\/strong> &#8211; Gramola, 2012&nbsp;&nbsp;&nbsp;&nbsp;<\/p>\n<p><small>01-03. George Perlman (1897\u20132000) : Israeli Concertino a-Moll<br \/>\n04. Jen\u00f6 Hubay (1858\u20131937) Hull\u00e1mz\u00f3 Balaton g-Moll op. 33<br \/>\n05. Joseph Achron (1886\u20131943) : Wiegenlied<br \/>\n06. Johannes Brahms (1833\u20131897) Ungarischer Tanz Nr. 17 &#8211; Bearbeitung: Fritz Kreisler 3:43<br \/>\n07. Jen\u00f6 Hubay. Preghiera (Sechs St\u00fccke, op. 121 Nr. 1)<br \/>\n08. Joseph Achron : Tanz-Improvisation \u00fcber ein hebr\u00e4isches Volkslied op. 37<br \/>\n09. Ernest Bloch (1880\u20131959) : Nigun (Improvisation) from Baal Shem \u2013 Three Pictures of Chassidic Life, 2. Satz<br \/>\n10. Maurice Ravel (1875\u20131937) : Deux M\u00e9lodies h\u00e9bra\u00efques (1914)<br \/>\n11. Jen\u00f6 Hubay : Hejre Kati E-Dur op. 32 (Cs\u00e1rdajelenet, Nr. 4)<br \/>\n12. Franz Liszt (1811\u20131886) : Ungarische Rhapsodie Nr. 2 &#8211; Bearbeitung f\u00fcr Violine und Klavier von Lothar Windsperger (1885\u20131935)<\/small><\/td>\n<\/tr>\n<\/tbody>\n<\/table>\n","protected":false},"excerpt":{"rendered":"<p>&nbsp; &lt;&lt; Back to Discography Of the Hungarian &amp; Jewish Soul &#8211; Gramola, 2012&nbsp;&nbsp;&nbsp;&nbsp; 01-03. George Perlman (1897\u20132000) : Israeli Concertino a-Moll 04. Jen\u00f6 Hubay (1858\u20131937) Hull\u00e1mz\u00f3 Balaton g-Moll op. 33 05. Joseph Achron (1886\u20131943) : Wiegenlied 06. Johannes Brahms (1833\u20131897) Ungarischer Tanz Nr. 17 &#8211; Bearbeitung: Fritz Kreisler 3:43 07. Jen\u00f6 Hubay. Preghiera (Sechs St\u00fccke, op. 121 Nr. 1) 08. Joseph Achron : Tanz-Improvisation \u00fcber ein hebr\u00e4isches Volkslied op. 37 09. Ernest Bloch (1880\u20131959) : Nigun (Improvisation) from Baal Shem \u2013 Three Pictures of Chassidic Life, 2. Satz 10. Maurice Ravel (1875\u20131937) : Deux M\u00e9lodies h\u00e9bra\u00efques (1914) 11. Jen\u00f6 Hubay : Hejre Kati E-Dur op. 32 (Cs\u00e1rdajelenet, Nr. 4) 12. Franz Liszt (1811\u20131886) : Ungarische Rhapsodie Nr. 2 &#8211; Bearbeitung f\u00fcr Violine und Klavier von Lothar Windsperger (1885\u20131935)<\/p>\n","protected":false},"author":1,"featured_media":0,"parent":0,"menu_order":0,"comment_status":"closed","ping_status":"closed","template":"","meta":{"ngg_post_thumbnail":0},"_links":{"self":[{"href":"https:\/\/www.eduazadory.com\/cms\/wp-json\/wp\/v2\/pages\/1954"}],"collection":[{"href":"https:\/\/www.eduazadory.com\/cms\/wp-json\/wp\/v2\/pages"}],"about":[{"href":"https:\/\/www.eduazadory.com\/cms\/wp-json\/wp\/v2\/types\/page"}],"author":[{"embeddable":true,"href":"https:\/\/www.eduazadory.com\/cms\/wp-json\/wp\/v2\/users\/1"}],"replies":[{"embeddable":true,"href":"https:\/\/www.eduazadory.com\/cms\/wp-json\/wp\/v2\/comments?post=1954"}],"version-history":[{"count":8,"href":"https:\/\/www.eduazadory.com\/cms\/wp-json\/wp\/v2\/pages\/1954\/revisions"}],"predecessor-version":[{"id":2503,"href":"https:\/\/www.eduazadory.com\/cms\/wp-json\/wp\/v2\/pages\/1954\/revisions\/2503"}],"wp:attachment":[{"href":"https:\/\/www.eduazadory.com\/cms\/wp-json\/wp\/v2\/media?parent=1954"}],"curies":[{"name":"wp","href":"https:\/\/api.w.org\/{rel}","templated":true}]}}